{"id":893,"date":"2024-02-01T18:31:15","date_gmt":"2024-02-01T18:31:15","guid":{"rendered":"https:\/\/inesjusticia.com\/?page_id=893"},"modified":"2024-10-09T04:27:35","modified_gmt":"2024-10-09T04:27:35","slug":"quien-soy","status":"publish","type":"page","link":"https:\/\/inesjusticia.com\/index.php\/quien-soy\/","title":{"rendered":"Quien soy"},"content":{"rendered":"\t\t<div data-elementor-type=\"wp-page\" data-elementor-id=\"893\" class=\"elementor elementor-893\">\n\t\t\t\t\t\t<section class=\"elementor-section elementor-top-section elementor-element elementor-element-62da45a elementor-section-boxed elementor-section-height-default elementor-section-height-default wpr-particle-no wpr-jarallax-no wpr-parallax-no wpr-sticky-section-no\" data-id=\"62da45a\" data-element_type=\"section\" data-e-type=\"section\">\n\t\t\t\t\t\t<div class=\"elementor-container elementor-column-gap-default\">\n\t\t\t\t\t<div class=\"elementor-column elementor-col-100 elementor-top-column elementor-element elementor-element-bf1e961\" data-id=\"bf1e961\" data-element_type=\"column\" data-e-type=\"column\">\n\t\t\t<div class=\"elementor-widget-wrap elementor-element-populated\">\n\t\t\t\t\t\t<div class=\"elementor-element elementor-element-c92dabe elementor-widget elementor-widget-spacer\" data-id=\"c92dabe\" data-element_type=\"widget\" data-e-type=\"widget\" data-widget_type=\"spacer.default\">\n\t\t\t\t<div class=\"elementor-widget-container\">\n\t\t\t\t\t\t\t<div class=\"elementor-spacer\">\n\t\t\t<div class=\"elementor-spacer-inner\"><\/div>\n\t\t<\/div>\n\t\t\t\t\t\t<\/div>\n\t\t\t\t<\/div>\n\t\t\t\t<div class=\"elementor-element elementor-element-3eb2091 elementor-widget elementor-widget-image\" data-id=\"3eb2091\" data-element_type=\"widget\" data-e-type=\"widget\" data-widget_type=\"image.default\">\n\t\t\t\t<div class=\"elementor-widget-container\">\n\t\t\t\t\t\t\t\t\t\t\t\t\t\t\t<img fetchpriority=\"high\" decoding=\"async\" width=\"950\" height=\"601\" src=\"https:\/\/inesjusticia.com\/wp-content\/uploads\/2024\/02\/Ines-Justicia-neutro_3-1024x648.jpg\" class=\"attachment-large size-large wp-image-6962\" alt=\"\" srcset=\"https:\/\/inesjusticia.com\/wp-content\/uploads\/2024\/02\/Ines-Justicia-neutro_3-1024x648.jpg 1024w, https:\/\/inesjusticia.com\/wp-content\/uploads\/2024\/02\/Ines-Justicia-neutro_3-300x190.jpg 300w, https:\/\/inesjusticia.com\/wp-content\/uploads\/2024\/02\/Ines-Justicia-neutro_3-1536x972.jpg 1536w, https:\/\/inesjusticia.com\/wp-content\/uploads\/2024\/02\/Ines-Justicia-neutro_3-24x15.jpg 24w, https:\/\/inesjusticia.com\/wp-content\/uploads\/2024\/02\/Ines-Justicia-neutro_3-36x23.jpg 36w, https:\/\/inesjusticia.com\/wp-content\/uploads\/2024\/02\/Ines-Justicia-neutro_3-48x30.jpg 48w, https:\/\/inesjusticia.com\/wp-content\/uploads\/2024\/02\/Ines-Justicia-neutro_3-600x380.jpg 600w, https:\/\/inesjusticia.com\/wp-content\/uploads\/2024\/02\/Ines-Justicia-neutro_3-1200x760.jpg 1200w, https:\/\/inesjusticia.com\/wp-content\/uploads\/2024\/02\/Ines-Justicia-neutro_3.jpg 1700w\" sizes=\"100vw\" \/>\t\t\t\t\t\t\t\t\t\t\t\t\t\t\t<\/div>\n\t\t\t\t<\/div>\n\t\t\t\t\t<\/div>\n\t\t<\/div>\n\t\t\t\t\t<\/div>\n\t\t<\/section>\n\t\t\t\t<section class=\"elementor-section elementor-top-section elementor-element elementor-element-5ad1d66 elementor-section-boxed elementor-section-height-default elementor-section-height-default wpr-particle-no wpr-jarallax-no wpr-parallax-no wpr-sticky-section-no\" data-id=\"5ad1d66\" data-element_type=\"section\" data-e-type=\"section\">\n\t\t\t\t\t\t<div class=\"elementor-container elementor-column-gap-default\">\n\t\t\t\t\t<div class=\"elementor-column elementor-col-50 elementor-top-column elementor-element elementor-element-3a1538f\" data-id=\"3a1538f\" data-element_type=\"column\" data-e-type=\"column\">\n\t\t\t<div class=\"elementor-widget-wrap elementor-element-populated\">\n\t\t\t\t\t\t<div class=\"elementor-element elementor-element-4fcda45 elementor-widget elementor-widget-heading\" data-id=\"4fcda45\" data-element_type=\"widget\" data-e-type=\"widget\" data-widget_type=\"heading.default\">\n\t\t\t\t<div class=\"elementor-widget-container\">\n\t\t\t\t\t<h2 class=\"elementor-heading-title elementor-size-default\">Todo comenz\u00f3...<\/h2>\t\t\t\t<\/div>\n\t\t\t\t<\/div>\n\t\t\t\t<div class=\"elementor-element elementor-element-f0bf764 elementor-widget elementor-widget-text-editor\" data-id=\"f0bf764\" data-element_type=\"widget\" data-e-type=\"widget\" data-widget_type=\"text-editor.default\">\n\t\t\t\t<div class=\"elementor-widget-container\">\n\t\t\t\t\t\t\t\t\t<p>Mi historia comienza a mis 13 a\u00f1os con mi primera experiencia espiritual espont\u00e1nea. Con unos padres ateos intento buscar respuestas en todo lo que tengo a mi alcance y descubro desde bien peque\u00f1a que me apasiona la mente humana ,las emociones y la gente.<\/p><p>Comienzo mi carrera profesional como educadora social experta en salud mental pero eso no daba respuestas a todo lo &#8220;raro&#8221; que me pasa. Y es a mis 21 a\u00f1os cuando descubro el tarot, el Reiki&#8230;.y sobre todo LA MEDIUMNIDAD que me hace entender mi realidad.<\/p><p>Ahora 23 a\u00f1os despu\u00e9s sigo investigando, estudiando y trabajando en mis sue\u00f1os.<br \/>Porque si a\u00fan no te lo han dicho SER QUIEN QUIERAS ES POSIBLE.<\/p>\t\t\t\t\t\t\t\t<\/div>\n\t\t\t\t<\/div>\n\t\t\t\t\t<\/div>\n\t\t<\/div>\n\t\t\t\t<div class=\"elementor-column elementor-col-50 elementor-top-column elementor-element elementor-element-240e3fb\" data-id=\"240e3fb\" data-element_type=\"column\" data-e-type=\"column\">\n\t\t\t<div class=\"elementor-widget-wrap elementor-element-populated\">\n\t\t\t\t\t\t<div class=\"elementor-element elementor-element-25a48ff elementor-widget elementor-widget-image\" data-id=\"25a48ff\" data-element_type=\"widget\" data-e-type=\"widget\" data-widget_type=\"image.default\">\n\t\t\t\t<div class=\"elementor-widget-container\">\n\t\t\t\t\t\t\t\t\t\t\t\t\t\t\t<img decoding=\"async\" width=\"200\" height=\"200\" src=\"https:\/\/inesjusticia.com\/wp-content\/uploads\/2024\/02\/WhatsApp-Image-2024-02-09-at-12.38.01-PM.jpeg\" class=\"attachment-large size-large wp-image-1297\" alt=\"\" srcset=\"https:\/\/inesjusticia.com\/wp-content\/uploads\/2024\/02\/WhatsApp-Image-2024-02-09-at-12.38.01-PM.jpeg 200w, https:\/\/inesjusticia.com\/wp-content\/uploads\/2024\/02\/WhatsApp-Image-2024-02-09-at-12.38.01-PM-150x150.jpeg 150w, https:\/\/inesjusticia.com\/wp-content\/uploads\/2024\/02\/WhatsApp-Image-2024-02-09-at-12.38.01-PM-24x24.jpeg 24w, https:\/\/inesjusticia.com\/wp-content\/uploads\/2024\/02\/WhatsApp-Image-2024-02-09-at-12.38.01-PM-36x36.jpeg 36w, https:\/\/inesjusticia.com\/wp-content\/uploads\/2024\/02\/WhatsApp-Image-2024-02-09-at-12.38.01-PM-48x48.jpeg 48w\" sizes=\"100vw\" \/>\t\t\t\t\t\t\t\t\t\t\t\t\t\t\t<\/div>\n\t\t\t\t<\/div>\n\t\t\t\t\t<\/div>\n\t\t<\/div>\n\t\t\t\t\t<\/div>\n\t\t<\/section>\n\t\t\t\t<section class=\"elementor-section elementor-top-section elementor-element elementor-element-38db9ef elementor-section-boxed elementor-section-height-default elementor-section-height-default wpr-particle-no wpr-jarallax-no wpr-parallax-no wpr-sticky-section-no\" data-id=\"38db9ef\" data-element_type=\"section\" data-e-type=\"section\">\n\t\t\t\t\t\t<div class=\"elementor-container elementor-column-gap-default\">\n\t\t\t\t\t<div class=\"elementor-column elementor-col-100 elementor-top-column elementor-element elementor-element-b31a94c\" data-id=\"b31a94c\" data-element_type=\"column\" data-e-type=\"column\">\n\t\t\t<div class=\"elementor-widget-wrap elementor-element-populated\">\n\t\t\t\t\t\t<div class=\"elementor-element elementor-element-9379a25 elementor-widget-divider--view-line elementor-widget elementor-widget-divider\" data-id=\"9379a25\" data-element_type=\"widget\" data-e-type=\"widget\" data-widget_type=\"divider.default\">\n\t\t\t\t<div class=\"elementor-widget-container\">\n\t\t\t\t\t\t\t<div class=\"elementor-divider\">\n\t\t\t<span class=\"elementor-divider-separator\">\n\t\t\t\t\t\t<\/span>\n\t\t<\/div>\n\t\t\t\t\t\t<\/div>\n\t\t\t\t<\/div>\n\t\t\t\t\t<\/div>\n\t\t<\/div>\n\t\t\t\t\t<\/div>\n\t\t<\/section>\n\t\t\t\t<section class=\"elementor-section elementor-top-section elementor-element elementor-element-0ab1334 elementor-section-boxed elementor-section-height-default elementor-section-height-default wpr-particle-no wpr-jarallax-no wpr-parallax-no wpr-sticky-section-no\" data-id=\"0ab1334\" data-element_type=\"section\" data-e-type=\"section\">\n\t\t\t\t\t\t<div class=\"elementor-container elementor-column-gap-default\">\n\t\t\t\t\t<div class=\"elementor-column elementor-col-50 elementor-top-column elementor-element elementor-element-7b45220\" data-id=\"7b45220\" data-element_type=\"column\" data-e-type=\"column\">\n\t\t\t<div class=\"elementor-widget-wrap elementor-element-populated\">\n\t\t\t\t\t\t<div class=\"elementor-element elementor-element-6d561c3 elementor-widget elementor-widget-heading\" data-id=\"6d561c3\" data-element_type=\"widget\" data-e-type=\"widget\" data-widget_type=\"heading.default\">\n\t\t\t\t<div class=\"elementor-widget-container\">\n\t\t\t\t\t<h2 class=\"elementor-heading-title elementor-size-default\">Mi experiencia y conocimientos<\/h2>\t\t\t\t<\/div>\n\t\t\t\t<\/div>\n\t\t\t\t<div class=\"elementor-element elementor-element-ddc6c19 elementor-widget elementor-widget-text-editor\" data-id=\"ddc6c19\" data-element_type=\"widget\" data-e-type=\"widget\" data-widget_type=\"text-editor.default\">\n\t\t\t\t<div class=\"elementor-widget-container\">\n\t\t\t\t\t\t\t\t\t<p>-Mediumnidad.<br \/>-Coach en Programaci\u00f3n Neuroling\u00fc\u00edstica (Certificado por el Gobierno de M\u00e9xico).<br \/>-Hipnosis Ericksoniana.<br \/>-Educaci\u00f3n Social especializaci\u00f3n en Salud Mental.<br \/>-Tarot Predictivo.<br \/>-Maestria de Reiki.<br \/>-Maestr\u00eda en Registros Ak\u00e1shicos con miembros de la Federaci\u00f3n de Reiki.<br \/>-Primer grado de Thetahealing.<br \/>-Sanadora por Arquetipos.<br \/>-Estudios de Chakras con una maestra de la Federaci\u00f3n de Reiki.<br \/>-Terapia Regresiva.<br \/>-Experta en Manifestaci\u00f3n.<\/p>\t\t\t\t\t\t\t\t<\/div>\n\t\t\t\t<\/div>\n\t\t\t\t\t<\/div>\n\t\t<\/div>\n\t\t\t\t<div class=\"elementor-column elementor-col-50 elementor-top-column elementor-element elementor-element-e94f28b\" data-id=\"e94f28b\" data-element_type=\"column\" data-e-type=\"column\">\n\t\t\t<div class=\"elementor-widget-wrap elementor-element-populated\">\n\t\t\t\t\t\t<div class=\"elementor-element elementor-element-af53193 elementor-widget elementor-widget-image\" data-id=\"af53193\" data-element_type=\"widget\" data-e-type=\"widget\" data-widget_type=\"image.default\">\n\t\t\t\t<div class=\"elementor-widget-container\">\n\t\t\t\t\t\t\t\t\t\t\t\t\t\t\t<img decoding=\"async\" width=\"720\" height=\"722\" src=\"https:\/\/inesjusticia.com\/wp-content\/uploads\/2024\/02\/WhatsApp-Image-2024-02-08-at-3.02.27-AM.jpeg\" class=\"attachment-large size-large wp-image-6966\" alt=\"\" srcset=\"https:\/\/inesjusticia.com\/wp-content\/uploads\/2024\/02\/WhatsApp-Image-2024-02-08-at-3.02.27-AM.jpeg 720w, https:\/\/inesjusticia.com\/wp-content\/uploads\/2024\/02\/WhatsApp-Image-2024-02-08-at-3.02.27-AM-300x300.jpeg 300w, https:\/\/inesjusticia.com\/wp-content\/uploads\/2024\/02\/WhatsApp-Image-2024-02-08-at-3.02.27-AM-150x150.jpeg 150w, https:\/\/inesjusticia.com\/wp-content\/uploads\/2024\/02\/WhatsApp-Image-2024-02-08-at-3.02.27-AM-24x24.jpeg 24w, https:\/\/inesjusticia.com\/wp-content\/uploads\/2024\/02\/WhatsApp-Image-2024-02-08-at-3.02.27-AM-36x36.jpeg 36w, https:\/\/inesjusticia.com\/wp-content\/uploads\/2024\/02\/WhatsApp-Image-2024-02-08-at-3.02.27-AM-48x48.jpeg 48w, https:\/\/inesjusticia.com\/wp-content\/uploads\/2024\/02\/WhatsApp-Image-2024-02-08-at-3.02.27-AM-600x602.jpeg 600w\" sizes=\"100vw\" \/>\t\t\t\t\t\t\t\t\t\t\t\t\t\t\t<\/div>\n\t\t\t\t<\/div>\n\t\t\t\t\t<\/div>\n\t\t<\/div>\n\t\t\t\t\t<\/div>\n\t\t<\/section>\n\t\t\t\t<section class=\"elementor-section elementor-top-section elementor-element elementor-element-341ea47 elementor-hidden-tablet elementor-hidden-mobile elementor-section-boxed elementor-section-height-default elementor-section-height-default wpr-particle-no wpr-jarallax-no wpr-parallax-no wpr-sticky-section-no\" data-id=\"341ea47\" data-element_type=\"section\" data-e-type=\"section\">\n\t\t\t\t\t\t<div class=\"elementor-container elementor-column-gap-default\">\n\t\t\t\t\t<div class=\"elementor-column elementor-col-100 elementor-top-column elementor-element elementor-element-f87606d\" data-id=\"f87606d\" data-element_type=\"column\" data-e-type=\"column\">\n\t\t\t<div class=\"elementor-widget-wrap elementor-element-populated\">\n\t\t\t\t\t\t<div class=\"elementor-element elementor-element-45bf843 elementor-widget-divider--view-line elementor-widget elementor-widget-divider\" data-id=\"45bf843\" data-element_type=\"widget\" data-e-type=\"widget\" data-widget_type=\"divider.default\">\n\t\t\t\t<div class=\"elementor-widget-container\">\n\t\t\t\t\t\t\t<div class=\"elementor-divider\">\n\t\t\t<span class=\"elementor-divider-separator\">\n\t\t\t\t\t\t<\/span>\n\t\t<\/div>\n\t\t\t\t\t\t<\/div>\n\t\t\t\t<\/div>\n\t\t\t\t<div class=\"elementor-element elementor-element-689e99f elementor-widget elementor-widget-image\" data-id=\"689e99f\" data-element_type=\"widget\" data-e-type=\"widget\" data-widget_type=\"image.default\">\n\t\t\t\t<div class=\"elementor-widget-container\">\n\t\t\t\t\t\t\t\t\t\t\t\t\t\t\t\t<a href=\"https:\/\/inesjusticia.com\/index.php\/terapias\/\">\n\t\t\t\t\t\t\t<img loading=\"lazy\" decoding=\"async\" width=\"950\" height=\"443\" src=\"https:\/\/inesjusticia.com\/wp-content\/uploads\/2024\/02\/conoce-mis-sesiones-web-wide-1024x478.jpg\" class=\"attachment-large size-large wp-image-7367\" alt=\"\" srcset=\"https:\/\/inesjusticia.com\/wp-content\/uploads\/2024\/02\/conoce-mis-sesiones-web-wide-1024x478.jpg 1024w, https:\/\/inesjusticia.com\/wp-content\/uploads\/2024\/02\/conoce-mis-sesiones-web-wide-300x140.jpg 300w, https:\/\/inesjusticia.com\/wp-content\/uploads\/2024\/02\/conoce-mis-sesiones-web-wide-24x11.jpg 24w, https:\/\/inesjusticia.com\/wp-content\/uploads\/2024\/02\/conoce-mis-sesiones-web-wide-36x17.jpg 36w, https:\/\/inesjusticia.com\/wp-content\/uploads\/2024\/02\/conoce-mis-sesiones-web-wide-48x22.jpg 48w, https:\/\/inesjusticia.com\/wp-content\/uploads\/2024\/02\/conoce-mis-sesiones-web-wide-600x280.jpg 600w, https:\/\/inesjusticia.com\/wp-content\/uploads\/2024\/02\/conoce-mis-sesiones-web-wide-1200x560.jpg 1200w, https:\/\/inesjusticia.com\/wp-content\/uploads\/2024\/02\/conoce-mis-sesiones-web-wide-1320x616.jpg 1320w, https:\/\/inesjusticia.com\/wp-content\/uploads\/2024\/02\/conoce-mis-sesiones-web-wide.jpg 1476w\" sizes=\"100vw\" \/>\t\t\t\t\t\t\t\t<\/a>\n\t\t\t\t\t\t\t\t\t\t\t\t\t\t\t<\/div>\n\t\t\t\t<\/div>\n\t\t\t\t<div class=\"elementor-element elementor-element-2c7a0ad elementor-widget-divider--view-line elementor-widget elementor-widget-divider\" data-id=\"2c7a0ad\" data-element_type=\"widget\" data-e-type=\"widget\" data-widget_type=\"divider.default\">\n\t\t\t\t<div class=\"elementor-widget-container\">\n\t\t\t\t\t\t\t<div class=\"elementor-divider\">\n\t\t\t<span class=\"elementor-divider-separator\">\n\t\t\t\t\t\t<\/span>\n\t\t<\/div>\n\t\t\t\t\t\t<\/div>\n\t\t\t\t<\/div>\n\t\t\t\t\t<\/div>\n\t\t<\/div>\n\t\t\t\t\t<\/div>\n\t\t<\/section>\n\t\t\t\t<section class=\"elementor-section elementor-top-section elementor-element elementor-element-4e49427 elementor-section-boxed elementor-section-height-default elementor-section-height-default wpr-particle-no wpr-jarallax-no wpr-parallax-no wpr-sticky-section-no\" data-id=\"4e49427\" data-element_type=\"section\" data-e-type=\"section\">\n\t\t\t\t\t\t<div class=\"elementor-container elementor-column-gap-default\">\n\t\t\t\t\t<div class=\"elementor-column elementor-col-100 elementor-top-column elementor-element elementor-element-6460fd6\" data-id=\"6460fd6\" data-element_type=\"column\" data-e-type=\"column\">\n\t\t\t<div class=\"elementor-widget-wrap elementor-element-populated\">\n\t\t\t\t\t\t<div class=\"elementor-element elementor-element-779116b elementor-widget-divider--view-line elementor-widget elementor-widget-divider\" data-id=\"779116b\" data-element_type=\"widget\" data-e-type=\"widget\" data-widget_type=\"divider.default\">\n\t\t\t\t<div class=\"elementor-widget-container\">\n\t\t\t\t\t\t\t<div class=\"elementor-divider\">\n\t\t\t<span class=\"elementor-divider-separator\">\n\t\t\t\t\t\t<\/span>\n\t\t<\/div>\n\t\t\t\t\t\t<\/div>\n\t\t\t\t<\/div>\n\t\t\t\t<div class=\"elementor-element elementor-element-9a90db1 elementor-hidden-desktop elementor-widget elementor-widget-image\" data-id=\"9a90db1\" data-element_type=\"widget\" data-e-type=\"widget\" data-widget_type=\"image.default\">\n\t\t\t\t<div class=\"elementor-widget-container\">\n\t\t\t\t\t\t\t\t\t\t\t\t\t\t\t\t<a href=\"https:\/\/inesjusticia.com\/index.php\/terapias\/\">\n\t\t\t\t\t\t\t<img loading=\"lazy\" decoding=\"async\" width=\"551\" height=\"1024\" src=\"https:\/\/inesjusticia.com\/wp-content\/uploads\/2024\/02\/conoce-mis-sesiones-movil-551x1024.jpg\" class=\"elementor-animation-shrink attachment-large size-large wp-image-7325\" alt=\"\" srcset=\"https:\/\/inesjusticia.com\/wp-content\/uploads\/2024\/02\/conoce-mis-sesiones-movil-551x1024.jpg 551w, https:\/\/inesjusticia.com\/wp-content\/uploads\/2024\/02\/conoce-mis-sesiones-movil-161x300.jpg 161w, https:\/\/inesjusticia.com\/wp-content\/uploads\/2024\/02\/conoce-mis-sesiones-movil-13x24.jpg 13w, https:\/\/inesjusticia.com\/wp-content\/uploads\/2024\/02\/conoce-mis-sesiones-movil-19x36.jpg 19w, https:\/\/inesjusticia.com\/wp-content\/uploads\/2024\/02\/conoce-mis-sesiones-movil-26x48.jpg 26w, https:\/\/inesjusticia.com\/wp-content\/uploads\/2024\/02\/conoce-mis-sesiones-movil-600x1115.jpg 600w, https:\/\/inesjusticia.com\/wp-content\/uploads\/2024\/02\/conoce-mis-sesiones-movil.jpg 732w\" sizes=\"100vw\" \/>\t\t\t\t\t\t\t\t<\/a>\n\t\t\t\t\t\t\t\t\t\t\t\t\t\t\t<\/div>\n\t\t\t\t<\/div>\n\t\t\t\t<div class=\"elementor-element elementor-element-e71fa61 elementor-widget-divider--view-line elementor-widget elementor-widget-divider\" data-id=\"e71fa61\" data-element_type=\"widget\" data-e-type=\"widget\" data-widget_type=\"divider.default\">\n\t\t\t\t<div class=\"elementor-widget-container\">\n\t\t\t\t\t\t\t<div class=\"elementor-divider\">\n\t\t\t<span class=\"elementor-divider-separator\">\n\t\t\t\t\t\t<\/span>\n\t\t<\/div>\n\t\t\t\t\t\t<\/div>\n\t\t\t\t<\/div>\n\t\t\t\t\t<\/div>\n\t\t<\/div>\n\t\t\t\t\t<\/div>\n\t\t<\/section>\n\t\t\t\t<\/div>\n\t\t","protected":false},"excerpt":{"rendered":"<p>Todo comenz\u00f3&#8230; Mi historia comienza a mis 13 a\u00f1os con mi primera experiencia espiritual espont\u00e1nea. Con unos padres ateos intento buscar respuestas en todo lo que tengo a mi alcance y descubro desde bien peque\u00f1a que me apasiona la mente humana ,las emociones y la gente. Comienzo mi carrera profesional como educadora social experta en salud mental pero eso no daba respuestas a todo lo &#8220;raro&#8221; que me pasa. Y es a mis 21 a\u00f1os cuando descubro el tarot, el Reiki&#8230;.y sobre todo LA MEDIUMNIDAD que me hace entender mi realidad. Ahora 23 a\u00f1os despu\u00e9s sigo investigando, estudiando y trabajando en mis sue\u00f1os.Porque si a\u00fan no te lo han dicho SER QUIEN QUIERAS ES POSIBLE. Mi experiencia y conocimientos -Mediumnidad.-Coach en Programaci\u00f3n Neuroling\u00fc\u00edstica (Certificado por el Gobierno de M\u00e9xico).-Hipnosis Ericksoniana.-Educaci\u00f3n Social especializaci\u00f3n en Salud Mental.-Tarot Predictivo.-Maestria de Reiki.-Maestr\u00eda en Registros Ak\u00e1shicos con miembros de la Federaci\u00f3n de Reiki.-Primer grado de Thetahealing.-Sanadora por Arquetipos.-Estudios de Chakras con una maestra de la Federaci\u00f3n de Reiki.-Terapia Regresiva.-Experta en Manifestaci\u00f3n.<\/p>\n","protected":false},"author":1,"featured_media":0,"parent":0,"menu_order":0,"comment_status":"closed","ping_status":"closed","template":"","meta":{"inspiro_hide_title":false,"footnotes":""},"class_list":["post-893","page","type-page","status-publish","hentry"],"aioseo_notices":[],"featured_media_urls":[],"_links":{"self":[{"href":"https:\/\/inesjusticia.com\/index.php\/wp-json\/wp\/v2\/pages\/893","targetHints":{"allow":["GET"]}}],"collection":[{"href":"https:\/\/inesjusticia.com\/index.php\/wp-json\/wp\/v2\/pages"}],"about":[{"href":"https:\/\/inesjusticia.com\/index.php\/wp-json\/wp\/v2\/types\/page"}],"author":[{"embeddable":true,"href":"https:\/\/inesjusticia.com\/index.php\/wp-json\/wp\/v2\/users\/1"}],"replies":[{"embeddable":true,"href":"https:\/\/inesjusticia.com\/index.php\/wp-json\/wp\/v2\/comments?post=893"}],"version-history":[{"count":0,"href":"https:\/\/inesjusticia.com\/index.php\/wp-json\/wp\/v2\/pages\/893\/revisions"}],"wp:attachment":[{"href":"https:\/\/inesjusticia.com\/index.php\/wp-json\/wp\/v2\/media?parent=893"}],"curies":[{"name":"wp","href":"https:\/\/api.w.org\/{rel}","templated":true}]}}